Dec 01 18:33:31.232 INFO testing eightbitraptor/otaku_v2 against master#8940af3cea4a9a9deabcaf843b2f8cad9a83fc61 for beta-1.31-5
Dec 01 18:33:31.232 INFO running `"docker" "create" "-v" "/mnt/big/crater/work/local/target-dirs/beta-1.31-5/worker-5/master#8940af3cea4a9a9deabcaf843b2f8cad9a83fc61:/target:rw,Z" "-v" "/mnt/big/crater/work/local/test-source/worker-5/beta-1.31-5/master#8940af3cea4a9a9deabcaf843b2f8cad9a83fc61:/source:ro,Z" "-v" "/mnt/big/crater/work/local/cargo-home:/cargo-home:ro,Z" "-v" "/mnt/big/crater/work/local/rustup-home:/rustup-home:ro,Z" "-e" "USER_ID=1000" "-e" "SOURCE_DIR=/source" "-e" "USER_ID=1000" "-e" "CMD=cargo +8940af3cea4a9a9deabcaf843b2f8cad9a83fc61-alt build --frozen" "-e" "CARGO_TARGET_DIR=/target" "-e" "CARGO_INCREMENTAL=0" "-e" "RUST_BACKTRACE=full" "-e" "RUSTFLAGS=--cap-lints=warn" "-e" "CARGO_HOME=/cargo-home" "-e" "RUSTUP_HOME=/rustup-home" "-m" "1536M" "--network" "none" "crater"`
Dec 01 18:33:31.792 INFO [stdout] 369bc66e3bd21a9df89ceb52776e45511406fbd92837937671bb2e557ac56ab0
Dec 01 18:33:31.794 INFO running `"docker" "start" "-a" "369bc66e3bd21a9df89ceb52776e45511406fbd92837937671bb2e557ac56ab0"`
Dec 01 18:33:33.087 INFO [stderr] usermod: no changes
Dec 01 18:33:33.406 INFO [stderr]    Compiling sqlite3-src v0.2.9
Dec 01 18:33:33.418 INFO [stderr]    Compiling tokio-io v0.1.6
Dec 01 18:33:33.419 INFO [stderr]    Compiling serde_json v1.0.17
Dec 01 18:33:33.419 INFO [stderr]    Compiling serde_urlencoded v0.5.2
Dec 01 18:33:35.943 INFO [stderr]    Compiling sqlite3-sys v0.12.0
Dec 01 18:33:37.239 INFO [stderr]    Compiling tokio-reactor v0.1.1
Dec 01 18:33:37.252 INFO [stderr]    Compiling tokio-fs v0.1.0
Dec 01 18:33:37.657 INFO [stderr]    Compiling sqlite v0.23.9
Dec 01 18:33:42.676 INFO [stderr]    Compiling tokio-tcp v0.1.0
Dec 01 18:33:42.677 INFO [stderr]    Compiling tokio-udp v0.1.0
Dec 01 18:33:46.233 INFO [stderr]    Compiling tokio v0.1.6
Dec 01 18:33:48.890 INFO [stderr]    Compiling tokio-core v0.1.17
Dec 01 18:33:52.539 INFO [stderr]    Compiling tokio-proto v0.1.1
Dec 01 18:33:52.543 INFO [stderr]    Compiling tokio-tls v0.1.4
Dec 01 18:33:57.282 INFO [stderr]    Compiling hyper v0.11.27
Dec 01 18:34:09.118 INFO [stderr]    Compiling hyper-tls v0.1.3
Dec 01 18:34:11.761 INFO [stderr]    Compiling reqwest v0.8.5
Dec 01 18:34:22.527 INFO [stderr]    Compiling otaku v0.1.0 (/source)
Dec 01 18:34:29.739 INFO [stderr]     Finished dev [unoptimized + debuginfo] target(s) in 56.62s
Dec 01 18:34:29.771 INFO [stderr] su: No module specific data is present
Dec 01 18:34:30.597 INFO running `"docker" "inspect" "369bc66e3bd21a9df89ceb52776e45511406fbd92837937671bb2e557ac56ab0"`
Dec 01 18:34:30.849 INFO running `"docker" "rm" "-f" "369bc66e3bd21a9df89ceb52776e45511406fbd92837937671bb2e557ac56ab0"`
Dec 01 18:34:31.207 INFO [stdout] 369bc66e3bd21a9df89ceb52776e45511406fbd92837937671bb2e557ac56ab0
Dec 01 18:34:31.213 INFO running `"docker" "create" "-v" "/mnt/big/crater/work/local/target-dirs/beta-1.31-5/worker-5/master#8940af3cea4a9a9deabcaf843b2f8cad9a83fc61:/target:rw,Z" "-v" "/mnt/big/crater/work/local/test-source/worker-5/beta-1.31-5/master#8940af3cea4a9a9deabcaf843b2f8cad9a83fc61:/source:ro,Z" "-v" "/mnt/big/crater/work/local/cargo-home:/cargo-home:ro,Z" "-v" "/mnt/big/crater/work/local/rustup-home:/rustup-home:ro,Z" "-e" "USER_ID=1000" "-e" "SOURCE_DIR=/source" "-e" "USER_ID=1000" "-e" "CMD=cargo +8940af3cea4a9a9deabcaf843b2f8cad9a83fc61-alt test --frozen --no-run" "-e" "CARGO_TARGET_DIR=/target" "-e" "CARGO_INCREMENTAL=0" "-e" "RUST_BACKTRACE=full" "-e" "RUSTFLAGS=--cap-lints=warn" "-e" "CARGO_HOME=/cargo-home" "-e" "RUSTUP_HOME=/rustup-home" "-m" "1536M" "--network" "none" "crater"`
Dec 01 18:34:31.623 INFO [stdout] 13bd4462b4dff1413daec864b61ef2e1c0d599b2a744e235652d5f8c9a00a62d
Dec 01 18:34:31.626 INFO running `"docker" "start" "-a" "13bd4462b4dff1413daec864b61ef2e1c0d599b2a744e235652d5f8c9a00a62d"`
Dec 01 18:34:33.122 INFO [stderr] usermod: no changes
Dec 01 18:34:33.411 INFO [stderr]    Compiling nanoid v0.2.0
Dec 01 18:34:33.411 INFO [stderr]    Compiling syn v0.14.0
Dec 01 18:34:33.420 INFO [stderr]    Compiling jpeg-decoder v0.1.14
Dec 01 18:34:45.301 INFO [stderr]    Compiling num-derive v0.2.2
Dec 01 18:34:48.663 INFO [stderr]    Compiling image v0.19.0
Dec 01 18:35:08.554 INFO [stderr]    Compiling otaku v0.1.0 (/source)
Dec 01 18:35:18.834 INFO [stderr]     Finished dev [unoptimized + debuginfo] target(s) in 45.67s
Dec 01 18:35:18.848 INFO [stderr] su: No module specific data is present
Dec 01 18:35:19.405 INFO running `"docker" "inspect" "13bd4462b4dff1413daec864b61ef2e1c0d599b2a744e235652d5f8c9a00a62d"`
Dec 01 18:35:19.536 INFO running `"docker" "rm" "-f" "13bd4462b4dff1413daec864b61ef2e1c0d599b2a744e235652d5f8c9a00a62d"`
Dec 01 18:35:19.695 INFO [stdout] 13bd4462b4dff1413daec864b61ef2e1c0d599b2a744e235652d5f8c9a00a62d
Dec 01 18:35:19.701 INFO running `"docker" "create" "-v" "/mnt/big/crater/work/local/target-dirs/beta-1.31-5/worker-5/master#8940af3cea4a9a9deabcaf843b2f8cad9a83fc61:/target:rw,Z" "-v" "/mnt/big/crater/work/local/test-source/worker-5/beta-1.31-5/master#8940af3cea4a9a9deabcaf843b2f8cad9a83fc61:/source:ro,Z" "-v" "/mnt/big/crater/work/local/cargo-home:/cargo-home:ro,Z" "-v" "/mnt/big/crater/work/local/rustup-home:/rustup-home:ro,Z" "-e" "USER_ID=1000" "-e" "SOURCE_DIR=/source" "-e" "USER_ID=1000" "-e" "CMD=cargo +8940af3cea4a9a9deabcaf843b2f8cad9a83fc61-alt test --frozen" "-e" "CARGO_TARGET_DIR=/target" "-e" "CARGO_INCREMENTAL=0" "-e" "RUST_BACKTRACE=full" "-e" "RUSTFLAGS=--cap-lints=warn" "-e" "CARGO_HOME=/cargo-home" "-e" "RUSTUP_HOME=/rustup-home" "-m" "1536M" "--network" "none" "crater"`
Dec 01 18:35:19.947 INFO [stdout] 9802a08c570d98ad2bc0961417a5e0bfa2a5a1e1bdc631eadc77b729e2ef5bec
Dec 01 18:35:19.948 INFO running `"docker" "start" "-a" "9802a08c570d98ad2bc0961417a5e0bfa2a5a1e1bdc631eadc77b729e2ef5bec"`
Dec 01 18:35:20.503 INFO [stderr] usermod: no changes
Dec 01 18:35:20.785 INFO [stderr]     Finished dev [unoptimized + debuginfo] target(s) in 0.25s
Dec 01 18:35:20.795 INFO [stderr]      Running /target/debug/deps/otaku-5ad2bde87a98d4d0
Dec 01 18:35:20.807 INFO [stdout] 
Dec 01 18:35:20.807 INFO [stdout] running 8 tests
Dec 01 18:35:20.817 INFO [stdout] test catalogue::tests::test_we_can_open_the_db ... ok
Dec 01 18:35:20.818 INFO [stdout] test catalogue::tests::test_db_state_when_db_is_not_bootstrapped ... ok
Dec 01 18:35:20.847 INFO [stdout] test catalogue::tests::test_db_state_when_db_is_badly_bootstrapped ... ok
Dec 01 18:35:20.856 INFO [stdout] test catalogue::tests::test_we_can_bootstrap_the_db ... ok
Dec 01 18:35:20.858 INFO [stdout] test catalogue::tests::test_db_state_when_db_db_state ... ok
Dec 01 18:35:20.861 INFO [stdout] test catalogue::tests::test_inserting_images_into_the_catalogue ... ok
Dec 01 18:35:20.933 INFO [stdout] test downloader::tests::test_it_can_open_the_saved_image ... FAILED
Dec 01 18:35:20.933 INFO [stdout] test downloader::tests::test_it_downloads_an_image_from_a_url ... FAILED
Dec 01 18:35:20.933 INFO [stdout] 
Dec 01 18:35:20.933 INFO [stdout] failures:
Dec 01 18:35:20.933 INFO [stdout] 
Dec 01 18:35:20.933 INFO [stdout] ---- downloader::tests::test_it_can_open_the_saved_image stdout ----
Dec 01 18:35:20.933 INFO [stdout] thread 'downloader::tests::test_it_can_open_the_saved_image' panicked at 'failed to download file: OtakuError', libcore/result.rs:1009:5
Dec 01 18:35:20.933 INFO [stdout] stack backtrace:
Dec 01 18:35:20.933 INFO [stdout]    0:     0x56105279f99f - std::sys::unix::backtrace::tracing::imp::unwind_backtrace::h3a8b83e1922cbdde
Dec 01 18:35:20.933 INFO [stdout]                                at libstd/sys/unix/backtrace/tracing/gcc_s.rs:49
Dec 01 18:35:20.933 INFO [stdout]    1:     0x5610527a9317 - std::sys_common::backtrace::print::h00d3155a29b4020f
Dec 01 18:35:20.933 INFO [stdout]                                at libstd/sys_common/backtrace.rs:71
Dec 01 18:35:20.933 INFO [stdout]                                at libstd/sys_common/backtrace.rs:59
Dec 01 18:35:20.933 INFO [stdout]    2:     0x5610527a3d1f - std::panicking::default_hook::{{closure}}::hd7465c742e79e1bb
Dec 01 18:35:20.933 INFO [stdout]                                at libstd/panicking.rs:211
Dec 01 18:35:20.933 INFO [stdout]    3:     0x5610527a3a1e - std::panicking::default_hook::h9e3966f2aa2a6e12
Dec 01 18:35:20.933 INFO [stdout]                                at libstd/panicking.rs:221
Dec 01 18:35:20.933 INFO [stdout]    4:     0x5610527a43fe - std::panicking::rust_panic_with_hook::h587f091ae747d080
Dec 01 18:35:20.933 INFO [stdout]                                at libstd/panicking.rs:476
Dec 01 18:35:20.933 INFO [stdout]    5:     0x5610527a3fa1 - std::panicking::continue_panic_fmt::hb3a4fdede87f43a8
Dec 01 18:35:20.934 INFO [stdout]                                at libstd/panicking.rs:390
Dec 01 18:35:20.934 INFO [stdout]    6:     0x5610527a3e85 - rust_begin_unwind
Dec 01 18:35:20.934 INFO [stdout]                                at libstd/panicking.rs:325
Dec 01 18:35:20.934 INFO [stdout]    7:     0x5610527e52dc - core::panicking::panic_fmt::h6f9cebf5e7474a0b
Dec 01 18:35:20.934 INFO [stdout]                                at libcore/panicking.rs:77
Dec 01 18:35:20.934 INFO [stdout]    8:     0x561052397591 - core::result::unwrap_failed::h1f817cb87c216a0d
Dec 01 18:35:20.934 INFO [stdout]                                at libcore/macros.rs:26
Dec 01 18:35:20.934 INFO [stdout]    9:     0x561052396910 - <core::result::Result<T, E>>::expect::hb4597168ec029256
Dec 01 18:35:20.934 INFO [stdout]                                at libcore/result.rs:835
Dec 01 18:35:20.934 INFO [stdout]   10:     0x56105239c177 - otaku::downloader::tests::test_it_can_open_the_saved_image::h22c9ffcab53fd176
Dec 01 18:35:20.934 INFO [stdout]                                at src/downloader.rs:48
Dec 01 18:35:20.934 INFO [stdout]   11:     0x56105239c0d9 - otaku::downloader::tests::test_it_can_open_the_saved_image::{{closure}}::h82e5c30e0b9ed78e
Dec 01 18:35:20.934 INFO [stdout]                                at src/downloader.rs:40
Dec 01 18:35:20.934 INFO [stdout]   12:     0x56105239e9bd - core::ops::function::FnOnce::call_once::hd24e27aab4cdc865
Dec 01 18:35:20.934 INFO [stdout]                                at libcore/ops/function.rs:238
Dec 01 18:35:20.934 INFO [stdout]   13:     0x5610523a288e - <F as alloc::boxed::FnBox<A>>::call_box::hac903f91577a156c
Dec 01 18:35:20.934 INFO [stdout]                                at libtest/lib.rs:1468
Dec 01 18:35:20.934 INFO [stdout]                                at libcore/ops/function.rs:238
Dec 01 18:35:20.934 INFO [stdout]                                at liballoc/boxed.rs:672
Dec 01 18:35:20.934 INFO [stdout]   14:     0x5610527b42c9 - __rust_maybe_catch_panic
Dec 01 18:35:20.934 INFO [stdout]                                at libpanic_unwind/lib.rs:102
Dec 01 18:35:20.934 INFO [stdout]   15:     0x5610523c44e2 - std::sys_common::backtrace::__rust_begin_short_backtrace::hb8f0d0309526c184
Dec 01 18:35:20.934 INFO [stdout]                                at libstd/panicking.rs:289
Dec 01 18:35:20.934 INFO [stdout]                                at libstd/panic.rs:392
Dec 01 18:35:20.934 INFO [stdout]                                at libtest/lib.rs:1423
Dec 01 18:35:20.934 INFO [stdout]                                at libstd/sys_common/backtrace.rs:136
Dec 01 18:35:20.934 INFO [stdout]   16:     0x5610523c4f94 - std::panicking::try::do_call::hc2f7c8b9a348d8db
Dec 01 18:35:20.934 INFO [stdout]                                at libstd/thread/mod.rs:409
Dec 01 18:35:20.934 INFO [stdout]                                at libstd/panic.rs:313
Dec 01 18:35:20.934 INFO [stdout]                                at libstd/panicking.rs:310
Dec 01 18:35:20.934 INFO [stdout]   17:     0x5610527b42c9 - __rust_maybe_catch_panic
Dec 01 18:35:20.934 INFO [stdout]                                at libpanic_unwind/lib.rs:102
Dec 01 18:35:20.934 INFO [stdout]   18:     0x5610523b21cc - <F as alloc::boxed::FnBox<A>>::call_box::h6bfded618e480b32
Dec 01 18:35:20.934 INFO [stdout]                                at libstd/panicking.rs:289
Dec 01 18:35:20.934 INFO [stdout]                                at libstd/panic.rs:392
Dec 01 18:35:20.934 INFO [stdout]                                at libstd/thread/mod.rs:408
Dec 01 18:35:20.934 INFO [stdout]                                at liballoc/boxed.rs:672
Dec 01 18:35:20.934 INFO [stdout]   19:     0x5610527a1a0d - std::sys_common::thread::start_thread::h4c28257d67cdf9cb
Dec 01 18:35:20.934 INFO [stdout]                                at liballoc/boxed.rs:682
Dec 01 18:35:20.934 INFO [stdout]                                at libstd/sys_common/thread.rs:24
Dec 01 18:35:20.934 INFO [stdout]   20:     0x561052794135 - std::sys::unix::thread::Thread::new::thread_start::hfecb2e7eff8fd34f
Dec 01 18:35:20.934 INFO [stdout]                                at libstd/sys/unix/thread.rs:90
Dec 01 18:35:20.934 INFO [stdout]   21:     0x7fa7d04c36b9 - start_thread
Dec 01 18:35:20.934 INFO [stdout]   22:     0x7fa7cffe341c - clone
Dec 01 18:35:20.934 INFO [stdout]   23:                0x0 - <unknown>
Dec 01 18:35:20.934 INFO [stdout] 
Dec 01 18:35:20.934 INFO [stdout] ---- downloader::tests::test_it_downloads_an_image_from_a_url stdout ----
Dec 01 18:35:20.934 INFO [stdout] thread 'downloader::tests::test_it_downloads_an_image_from_a_url' panicked at 'failed to download file: OtakuError', libcore/result.rs:1009:5
Dec 01 18:35:20.934 INFO [stdout] stack backtrace:
Dec 01 18:35:20.934 INFO [stdout]    0:     0x56105279f99f - std::sys::unix::backtrace::tracing::imp::unwind_backtrace::h3a8b83e1922cbdde
Dec 01 18:35:20.934 INFO [stdout]                                at libstd/sys/unix/backtrace/tracing/gcc_s.rs:49
Dec 01 18:35:20.934 INFO [stdout]    1:     0x5610527a9317 - std::sys_common::backtrace::print::h00d3155a29b4020f
Dec 01 18:35:20.934 INFO [stdout]                                at libstd/sys_common/backtrace.rs:71
Dec 01 18:35:20.934 INFO [stdout]                                at libstd/sys_common/backtrace.rs:59
Dec 01 18:35:20.934 INFO [stdout]    2:     0x5610527a3d1f - std::panicking::default_hook::{{closure}}::hd7465c742e79e1bb
Dec 01 18:35:20.934 INFO [stdout]                                at libstd/panicking.rs:211
Dec 01 18:35:20.934 INFO [stdout]    3:     0x5610527a3a1e - std::panicking::default_hook::h9e3966f2aa2a6e12
Dec 01 18:35:20.934 INFO [stdout]                                at libstd/panicking.rs:221
Dec 01 18:35:20.934 INFO [stdout]    4:     0x5610527a43fe - std::panicking::rust_panic_with_hook::h587f091ae747d080
Dec 01 18:35:20.934 INFO [stdout]                                at libstd/panicking.rs:476
Dec 01 18:35:20.934 INFO [stdout]    5:     0x5610527a3fa1 - std::panicking::continue_panic_fmt::hb3a4fdede87f43a8
Dec 01 18:35:20.934 INFO [stdout]                                at libstd/panicking.rs:390
Dec 01 18:35:20.934 INFO [stdout]    6:     0x5610527a3e85 - rust_begin_unwind
Dec 01 18:35:20.934 INFO [stdout]                                at libstd/panicking.rs:325
Dec 01 18:35:20.934 INFO [stdout]    7:     0x5610527e52dc - core::panicking::panic_fmt::h6f9cebf5e7474a0b
Dec 01 18:35:20.934 INFO [stdout]                                at libcore/panicking.rs:77
Dec 01 18:35:20.934 INFO [stdout]    8:     0x561052397591 - core::result::unwrap_failed::h1f817cb87c216a0d
Dec 01 18:35:20.934 INFO [stdout]                                at libcore/macros.rs:26
Dec 01 18:35:20.934 INFO [stdout]    9:     0x561052396910 - <core::result::Result<T, E>>::expect::hb4597168ec029256
Dec 01 18:35:20.934 INFO [stdout]                                at libcore/result.rs:835
Dec 01 18:35:20.934 INFO [stdout]   10:     0x56105239bf8e - otaku::downloader::tests::test_it_downloads_an_image_from_a_url::hb54cc7834abf7e83
Dec 01 18:35:20.934 INFO [stdout]                                at src/downloader.rs:34
Dec 01 18:35:20.934 INFO [stdout]   11:     0x56105239bef9 - otaku::downloader::tests::test_it_downloads_an_image_from_a_url::{{closure}}::h98c49210a937df6c
Dec 01 18:35:20.934 INFO [stdout]                                at src/downloader.rs:29
Dec 01 18:35:20.934 INFO [stdout]   12:     0x56105239e8bd - core::ops::function::FnOnce::call_once::h6fc989fee49b4644
Dec 01 18:35:20.934 INFO [stdout]                                at libcore/ops/function.rs:238
Dec 01 18:35:20.934 INFO [stdout]   13:     0x5610523a288e - <F as alloc::boxed::FnBox<A>>::call_box::hac903f91577a156c
Dec 01 18:35:20.934 INFO [stdout]                                at libtest/lib.rs:1468
Dec 01 18:35:20.934 INFO [stdout]                                at libcore/ops/function.rs:238
Dec 01 18:35:20.934 INFO [stdout]                                at liballoc/boxed.rs:672
Dec 01 18:35:20.934 INFO [stdout]   14:     0x5610527b42c9 - __rust_maybe_catch_panic
Dec 01 18:35:20.934 INFO [stdout]                                at libpanic_unwind/lib.rs:102
Dec 01 18:35:20.934 INFO [stdout]   15:     0x5610523c44e2 - std::sys_common::backtrace::__rust_begin_short_backtrace::hb8f0d0309526c184
Dec 01 18:35:20.934 INFO [stdout]                                at libstd/panicking.rs:289
Dec 01 18:35:20.934 INFO [stdout]                                at libstd/panic.rs:392
Dec 01 18:35:20.934 INFO [stdout]                                at libtest/lib.rs:1423
Dec 01 18:35:20.934 INFO [stdout]                                at libstd/sys_common/backtrace.rs:136
Dec 01 18:35:20.934 INFO [stdout]   16:     0x5610523c4f94 - std::panicking::try::do_call::hc2f7c8b9a348d8db
Dec 01 18:35:20.934 INFO [stdout]                                at libstd/thread/mod.rs:409
Dec 01 18:35:20.934 INFO [stdout]                                at libstd/panic.rs:313
Dec 01 18:35:20.934 INFO [stdout]                                at libstd/panicking.rs:310
Dec 01 18:35:20.934 INFO [stdout]   17:     0x5610527b42c9 - __rust_maybe_catch_panic
Dec 01 18:35:20.934 INFO [stdout]                                at libpanic_unwind/lib.rs:102
Dec 01 18:35:20.934 INFO [stdout]   18:     0x5610523b21cc - <F as alloc::boxed::FnBox<A>>::call_box::h6bfded618e480b32
Dec 01 18:35:20.934 INFO [stdout]                                at libstd/panicking.rs:289
Dec 01 18:35:20.934 INFO [stdout]                                at libstd/panic.rs:392
Dec 01 18:35:20.935 INFO [stdout]                                at libstd/thread/mod.rs:408
Dec 01 18:35:20.935 INFO [stdout]                                at liballoc/boxed.rs:672
Dec 01 18:35:20.935 INFO [stdout]   19:     0x5610527a1a0d - std::sys_common::thread::start_thread::h4c28257d67cdf9cb
Dec 01 18:35:20.935 INFO [stdout]                                at liballoc/boxed.rs:682
Dec 01 18:35:20.935 INFO [stdout]                                at libstd/sys_common/thread.rs:24
Dec 01 18:35:20.935 INFO [stdout]   20:     0x561052794135 - std::sys::unix::thread::Thread::new::thread_start::hfecb2e7eff8fd34f
Dec 01 18:35:20.935 INFO [stdout]                                at libstd/sys/unix/thread.rs:90
Dec 01 18:35:20.935 INFO [stdout]   21:     0x7fa7d04c36b9 - start_thread
Dec 01 18:35:20.935 INFO [stdout]   22:     0x7fa7cffe341c - clone
Dec 01 18:35:20.935 INFO [stdout]   23:                0x0 - <unknown>
Dec 01 18:35:20.935 INFO [stdout] 
Dec 01 18:35:20.935 INFO [stdout] 
Dec 01 18:35:20.935 INFO [stdout] failures:
Dec 01 18:35:20.935 INFO [stdout]     downloader::tests::test_it_can_open_the_saved_image
Dec 01 18:35:20.935 INFO [stdout]     downloader::tests::test_it_downloads_an_image_from_a_url
Dec 01 18:35:20.935 INFO [stdout] 
Dec 01 18:35:20.935 INFO [stdout] test result: FAILED. 6 passed; 2 failed; 0 ignored; 0 measured; 0 filtered out
Dec 01 18:35:20.935 INFO [stdout] 
Dec 01 18:35:20.939 INFO [stderr] error: test failed, to rerun pass '--bin otaku'
Dec 01 18:35:20.942 INFO [stderr] su: No module specific data is present
Dec 01 18:35:21.290 INFO running `"docker" "inspect" "9802a08c570d98ad2bc0961417a5e0bfa2a5a1e1bdc631eadc77b729e2ef5bec"`
Dec 01 18:35:21.475 INFO running `"docker" "rm" "-f" "9802a08c570d98ad2bc0961417a5e0bfa2a5a1e1bdc631eadc77b729e2ef5bec"`
Dec 01 18:35:21.680 INFO [stdout] 9802a08c570d98ad2bc0961417a5e0bfa2a5a1e1bdc631eadc77b729e2ef5bec
